{"id":1265,"date":"2017-09-16T11:14:30","date_gmt":"2017-09-16T08:14:30","guid":{"rendered":"http:\/\/www.kalmarinkyla.net\/?page_id=1265"},"modified":"2017-09-16T11:16:30","modified_gmt":"2017-09-16T08:16:30","slug":"vuokraa-juhlateltaa-3x6-m","status":"publish","type":"page","link":"https:\/\/www.kalmarinkyla.net\/?page_id=1265","title":{"rendered":"Vuokraa Juhlateltta 3&#215;6 m"},"content":{"rendered":"<div id=\"fb-root\"><\/div>\n<p><img data-recalc-dims=\"1\" loading=\"lazy\" decoding=\"async\" data-attachment-id=\"1266\" data-permalink=\"https:\/\/www.kalmarinkyla.net\/?attachment_id=1266\" data-orig-file=\"https:\/\/i0.wp.com\/www.kalmarinkyla.net\/wp\/wp-content\/uploads\/Juhalteltta_kuvakaappaus.png?fit=803%2C599&amp;ssl=1\" data-orig-size=\"803,599\" data-comments-opened=\"1\" data-image-meta=\"{&quot;aperture&quot;:&quot;0&quot;,&quot;credit&quot;:&quot;&quot;,&quot;camera&quot;:&quot;&quot;,&quot;caption&quot;:&quot;&quot;,&quot;created_timestamp&quot;:&quot;0&quot;,&quot;copyright&quot;:&quot;&quot;,&quot;focal_length&quot;:&quot;0&quot;,&quot;iso&quot;:&quot;0&quot;,&quot;shutter_speed&quot;:&quot;0&quot;,&quot;title&quot;:&quot;&quot;,&quot;orientation&quot;:&quot;0&quot;}\" data-image-title=\"Juhalteltta_kuvakaappaus\" data-image-description=\"\" data-image-caption=\"\" data-large-file=\"https:\/\/i0.wp.com\/www.kalmarinkyla.net\/wp\/wp-content\/uploads\/Juhalteltta_kuvakaappaus.png?fit=700%2C522&amp;ssl=1\" class=\"wp-image-1266 aligncenter\" src=\"https:\/\/i0.wp.com\/www.kalmarinkyla.net\/wp\/wp-content\/uploads\/Juhalteltta_kuvakaappaus.png?resize=413%2C308\" alt=\"\" width=\"413\" height=\"308\" srcset=\"https:\/\/i0.wp.com\/www.kalmarinkyla.net\/wp\/wp-content\/uploads\/Juhalteltta_kuvakaappaus.png?w=803&amp;ssl=1 803w, https:\/\/i0.wp.com\/www.kalmarinkyla.net\/wp\/wp-content\/uploads\/Juhalteltta_kuvakaappaus.png?resize=300%2C224&amp;ssl=1 300w, https:\/\/i0.wp.com\/www.kalmarinkyla.net\/wp\/wp-content\/uploads\/Juhalteltta_kuvakaappaus.png?resize=768%2C573&amp;ssl=1 768w\" sizes=\"auto, (max-width: 413px) 100vw, 413px\" \/><\/p>\n<p>Nahjukselle on hankittu juhlateltta, jota voit vuokrata omiin juhliisi my\u00f6s talon ulkopuolelle. Juhlatelta on kooltaan 3 x 6 metri\u00e4. Sein\u00e4t ovat erilliset, joten voit halutessasi j\u00e4\u00e4tt\u00e4 osan sivuista avoimeksi.<\/p>\n<p>Vuokraus hinnat alkaen 80 \u20ac.<\/p>\n<p>Varaukset ja lis\u00e4tiedot: Airi Eerola 040 837 8185<\/p>\n<p>&nbsp;<\/p>\n","protected":false},"excerpt":{"rendered":"<p>Nahjukselle on hankittu juhlateltta, jota voit vuokrata omiin juhliisi my\u00f6s talon ulkopuolelle. Juhlatelta on kooltaan 3 x 6 metri\u00e4. Sein\u00e4t ovat erilliset, joten voit halutessasi j\u00e4\u00e4tt\u00e4 osan sivuista avoimeksi. Vuokraus hinnat alkaen 80 \u20ac. Varaukset ja lis\u00e4tiedot: Airi Eerola 040&hellip; <\/p>\n","protected":false},"author":3,"featured_media":0,"parent":390,"menu_order":0,"comment_status":"closed","ping_status":"closed","template":"","meta":{"jetpack_post_was_ever_published":false,"footnotes":""},"class_list":["post-1265","page","type-page","status-publish","hentry"],"jetpack_sharing_enabled":true,"jetpack_shortlink":"https:\/\/wp.me\/P8BHJU-kp","jetpack-related-posts":[],"_links":{"self":[{"href":"https:\/\/www.kalmarinkyla.net\/index.php?rest_route=\/wp\/v2\/pages\/1265","targetHints":{"allow":["GET"]}}],"collection":[{"href":"https:\/\/www.kalmarinkyla.net\/index.php?rest_route=\/wp\/v2\/pages"}],"about":[{"href":"https:\/\/www.kalmarinkyla.net\/index.php?rest_route=\/wp\/v2\/types\/page"}],"author":[{"embeddable":true,"href":"https:\/\/www.kalmarinkyla.net\/index.php?rest_route=\/wp\/v2\/users\/3"}],"replies":[{"embeddable":true,"href":"https:\/\/www.kalmarinkyla.net\/index.php?rest_route=%2Fwp%2Fv2%2Fcomments&post=1265"}],"version-history":[{"count":3,"href":"https:\/\/www.kalmarinkyla.net\/index.php?rest_route=\/wp\/v2\/pages\/1265\/revisions"}],"predecessor-version":[{"id":1269,"href":"https:\/\/www.kalmarinkyla.net\/index.php?rest_route=\/wp\/v2\/pages\/1265\/revisions\/1269"}],"up":[{"embeddable":true,"href":"https:\/\/www.kalmarinkyla.net\/index.php?rest_route=\/wp\/v2\/pages\/390"}],"wp:attachment":[{"href":"https:\/\/www.kalmarinkyla.net\/index.php?rest_route=%2Fwp%2Fv2%2Fmedia&parent=1265"}],"curies":[{"name":"wp","href":"https:\/\/api.w.org\/{rel}","templated":true}]}}

<div id="fb-root"></div>
<p><img data-recalc-dims="1" loading="lazy" decoding="async" data-attachment-id="1266" data-permalink="https://www.kalmarinkyla.net/?attachment_id=1266" data-orig-file="https://i0.wp.com/www.kalmarinkyla.net/wp/wp-content/uploads/Juhalteltta_kuvakaappaus.png?fit=803%2C599&amp;ssl=1" data-orig-size="803,599" data-comments-opened="1" data-image-meta="{&quot;aperture&quot;:&quot;0&quot;,&quot;credit&quot;:&quot;&quot;,&quot;camera&quot;:&quot;&quot;,&quot;caption&quot;:&quot;&quot;,&quot;created_timestamp&quot;:&quot;0&quot;,&quot;copyright&quot;:&quot;&quot;,&quot;focal_length&quot;:&quot;0&quot;,&quot;iso&quot;:&quot;0&quot;,&quot;shutter_speed&quot;:&quot;0&quot;,&quot;title&quot;:&quot;&quot;,&quot;orientation&quot;:&quot;0&quot;}" data-image-title="Juhalteltta_kuvakaappaus" data-image-description="" data-image-caption="" data-large-file="https://i0.wp.com/www.kalmarinkyla.net/wp/wp-content/uploads/Juhalteltta_kuvakaappaus.png?fit=700%2C522&amp;ssl=1" class="wp-image-1266 aligncenter" src="https://i0.wp.com/www.kalmarinkyla.net/wp/wp-content/uploads/Juhalteltta_kuvakaappaus.png?resize=413%2C308" alt="" width="413" height="308" srcset="https://i0.wp.com/www.kalmarinkyla.net/wp/wp-content/uploads/Juhalteltta_kuvakaappaus.png?w=803&amp;ssl=1 803w, https://i0.wp.com/www.kalmarinkyla.net/wp/wp-content/uploads/Juhalteltta_kuvakaappaus.png?resize=300%2C224&amp;ssl=1 300w, https://i0.wp.com/www.kalmarinkyla.net/wp/wp-content/uploads/Juhalteltta_kuvakaappaus.png?resize=768%2C573&amp;ssl=1 768w" sizes="auto, (max-width: 413px) 100vw, 413px" /></p>
<p>Nahjukselle on hankittu juhlateltta, jota voit vuokrata omiin juhliisi myös talon ulkopuolelle. Juhlatelta on kooltaan 3 x 6 metriä. Seinät ovat erilliset, joten voit halutessasi jäättä osan sivuista avoimeksi.</p>
<p>Vuokraus hinnat alkaen 80 €.</p>
<p>Varaukset ja lisätiedot: Airi Eerola 040 837 8185</p>
<p>&nbsp;</p>

<p>Nahjukselle on hankittu juhlateltta, jota voit vuokrata omiin juhliisi myös talon ulkopuolelle. Juhlatelta on kooltaan 3 x 6 metriä. Seinät ovat erilliset, joten voit halutessasi jäättä osan sivuista avoimeksi. Vuokraus hinnat alkaen 80 €. Varaukset ja lisätiedot: Airi Eerola 040&hellip; </p>
