{"id":29,"date":"2017-03-08T21:56:02","date_gmt":"2017-03-08T19:56:02","guid":{"rendered":"http:\/\/www.kalmarinkyla.net\/wp\/?page_id=29"},"modified":"2018-05-10T16:25:41","modified_gmt":"2018-05-10T13:25:41","slug":"kyla-ja-urheiluseura-kalmarin-nahjus","status":"publish","type":"page","link":"https:\/\/www.kalmarinkyla.net\/?page_id=29","title":{"rendered":"Kyl\u00e4- ja urheiluseura Kalmarin Nahjus"},"content":{"rendered":"<div id=\"fb-root\"><\/div>\n<p><a href=\"https:\/\/i0.wp.com\/www.kalmarinkyla.net\/wp\/wp-content\/uploads\/2017\/03\/nahjus.jpg\"><img data-recalc-dims=\"1\" loading=\"lazy\" decoding=\"async\" data-attachment-id=\"70\" data-permalink=\"https:\/\/www.kalmarinkyla.net\/?attachment_id=70\" data-orig-file=\"https:\/\/i0.wp.com\/www.kalmarinkyla.net\/wp\/wp-content\/uploads\/2017\/03\/nahjus.jpg?fit=500%2C334&amp;ssl=1\" data-orig-size=\"500,334\" data-comments-opened=\"1\" data-image-meta=\"{&quot;aperture&quot;:&quot;0&quot;,&quot;credit&quot;:&quot;&quot;,&quot;camera&quot;:&quot;&quot;,&quot;caption&quot;:&quot;&quot;,&quot;created_timestamp&quot;:&quot;1405947673&quot;,&quot;copyright&quot;:&quot;&quot;,&quot;focal_length&quot;:&quot;0&quot;,&quot;iso&quot;:&quot;0&quot;,&quot;shutter_speed&quot;:&quot;0&quot;,&quot;title&quot;:&quot;&quot;,&quot;orientation&quot;:&quot;0&quot;}\" data-image-title=\"nahjus\" data-image-description=\"\" data-image-caption=\"\" data-large-file=\"https:\/\/i0.wp.com\/www.kalmarinkyla.net\/wp\/wp-content\/uploads\/2017\/03\/nahjus.jpg?fit=500%2C334&amp;ssl=1\" class=\"alignleft size-medium wp-image-70\" src=\"https:\/\/i0.wp.com\/www.kalmarinkyla.net\/wp\/wp-content\/uploads\/2017\/03\/nahjus-300x200.jpg?resize=300%2C200\" alt=\"\" width=\"300\" height=\"200\" srcset=\"https:\/\/i0.wp.com\/www.kalmarinkyla.net\/wp\/wp-content\/uploads\/2017\/03\/nahjus.jpg?resize=300%2C200&amp;ssl=1 300w, https:\/\/i0.wp.com\/www.kalmarinkyla.net\/wp\/wp-content\/uploads\/2017\/03\/nahjus.jpg?w=500&amp;ssl=1 500w\" sizes=\"auto, (max-width: 300px) 100vw, 300px\" \/><\/a>Voimistelu- ja urheiluseura Kalmarin Nahjus on perustettu v. 1907, Kalmarin Nahjusten Voimistelu ja Urheiluseura -nimisen\u00e4 j\u00e4rjest\u00f6n\u00e4 kehitt\u00e4m\u00e4\u00e4n kyl\u00e4n nuorisoa j\u00e4rjest\u00e4m\u00e4ll\u00e4 voimistelu- ja urheiluharjoituksia sek\u00e4 kilpailuja. Aluksi voimisteluharjoituksia pidettiin Kallion ja Kalmarin tuvissa. Vuonna 1914 ryhdyttiin hankkimaan seuralle toimitaloa ostamalla tontti Eerik Kalmarilta Taulum\u00e4en teiden risteyksest\u00e4. Tontille siirrettiin Eerik Kalmarilta ostettu vanha tuparakennus.<br \/>\nKun 1950-luvulla haluttiin laajentaa rakennusta eik\u00e4 se ollut mahdollista maantien l\u00e4heisyyden vuoksi, p\u00e4\u00e4tettiin seurassa rakentaa uusi toimitalo vanhan talon l\u00e4heisyyteen. Talon valmistivat lopullisesti Ilmari ja Pentti M\u00e4kinen sek\u00e4 Sirosen veljekset urakkaty\u00f6n\u00e4. Rakennus on osa vanhan maantien varteen syntynytt\u00e4 nauhamaista kyl\u00e4keskusta. Kyl\u00e4talo on remontoitu kokonaan vuosina 2008-2009.<\/p>\n<p>L\u00e4hde: Suomen rakennuskulttuurin yleisluettelo.<\/p>\n<p>Tutustu tarkemmin\u00a0<a href=\"http:\/\/www.kalmarinkyla.net\/?page_id=390\">Nahjuksen kyl\u00e4taloon<\/a><\/p>\n<p>Toimintakertomukset menneilt\u00e4 vuosilta l\u00f6yd\u00e4t <a href=\"http:\/\/www.kalmarinkyla.net\/?page_id=1338\" target=\"_blank\" rel=\"noopener\">t\u00e4\u00e4lt\u00e4<\/a>.<\/p>\n<p>&nbsp;<\/p>\n<p>&nbsp;<\/p>\n<p>&nbsp;<\/p>\n<p><span style=\"border-radius: 2px; text-indent: 20px; width: auto; padding: 0px 4px 0px 0px; text-align: center; font: bold 11px\/20px 'Helvetica Neue',Helvetica,sans-serif; color: #ffffff; background: #bd081c no-repeat scroll 3px 50% \/ 14px 14px; position: absolute; opacity: 1; z-index: 8675309; display: none; cursor: pointer;\">Tallenna<\/span><\/p>\n<p><span style=\"border-radius: 2px; text-indent: 20px; width: auto; padding: 0px 4px 0px 0px; text-align: center; font: bold 11px\/20px 'Helvetica Neue',Helvetica,sans-serif; color: #ffffff; background: #bd081c no-repeat scroll 3px 50% \/ 14px 14px; position: absolute; opacity: 1; z-index: 8675309; display: none; cursor: pointer;\">Tallenna<\/span><\/p>\n<p><span style=\"border-radius: 2px; text-indent: 20px; width: auto; padding: 0px 4px 0px 0px; text-align: center; font: bold 11px\/20px 'Helvetica Neue',Helvetica,sans-serif; color: #ffffff; background: #bd081c no-repeat scroll 3px 50% \/ 14px 14px; position: absolute; opacity: 1; z-index: 8675309; display: none; cursor: pointer;\">Tallenna<\/span><\/p>\n<p><span style=\"border-radius: 2px; text-indent: 20px; width: auto; padding: 0px 4px 0px 0px; text-align: center; font: bold 11px\/20px 'Helvetica Neue',Helvetica,sans-serif; color: #ffffff; background: #bd081c no-repeat scroll 3px 50% \/ 14px 14px; position: absolute; opacity: 1; z-index: 8675309; display: none; cursor: pointer;\">Tallenna<\/span><\/p>\n<p><span style=\"border-radius: 2px; text-indent: 20px; width: auto; padding: 0px 4px 0px 0px; text-align: center; font: bold 11px\/20px 'Helvetica Neue',Helvetica,sans-serif; color: #ffffff; background: #bd081c no-repeat scroll 3px 50% \/ 14px 14px; position: absolute; opacity: 1; z-index: 8675309; display: none; cursor: pointer;\">Tallenna<\/span><\/p>\n<p><span style=\"border-radius: 2px; text-indent: 20px; width: auto; padding: 0px 4px 0px 0px; text-align: center; font: bold 11px\/20px 'Helvetica Neue',Helvetica,sans-serif; color: #ffffff; background: #bd081c no-repeat scroll 3px 50% \/ 14px 14px; position: absolute; opacity: 1; z-index: 8675309; display: none; cursor: pointer;\">Tallenna<\/span><\/p>\n<p><span style=\"border-radius: 2px; text-indent: 20px; width: auto; padding: 0px 4px 0px 0px; text-align: center; font: bold 11px\/20px 'Helvetica Neue',Helvetica,sans-serif; color: #ffffff; background: #bd081c no-repeat scroll 3px 50% \/ 14px 14px; position: absolute; opacity: 1; z-index: 8675309; display: none; cursor: pointer;\">Tallenna<\/span><\/p>\n","protected":false},"excerpt":{"rendered":"<p>Voimistelu- ja urheiluseura Kalmarin Nahjus on perustettu v. 1907, Kalmarin Nahjusten Voimistelu ja Urheiluseura -nimisen\u00e4 j\u00e4rjest\u00f6n\u00e4 kehitt\u00e4m\u00e4\u00e4n kyl\u00e4n nuorisoa j\u00e4rjest\u00e4m\u00e4ll\u00e4 voimistelu- ja urheiluharjoituksia sek\u00e4 kilpailuja. Aluksi voimisteluharjoituksia pidettiin Kallion ja Kalmarin tuvissa. Vuonna 1914 ryhdyttiin hankkimaan seuralle toimitaloa ostamalla tontti&hellip; <\/p>\n","protected":false},"author":1,"featured_media":32,"parent":565,"menu_order":0,"comment_status":"closed","ping_status":"closed","template":"","meta":{"jetpack_post_was_ever_published":false,"footnotes":""},"class_list":["post-29","page","type-page","status-publish","has-post-thumbnail","hentry"],"jetpack_sharing_enabled":true,"jetpack_shortlink":"https:\/\/wp.me\/P8BHJU-t","jetpack-related-posts":[],"_links":{"self":[{"href":"https:\/\/www.kalmarinkyla.net\/index.php?rest_route=\/wp\/v2\/pages\/29","targetHints":{"allow":["GET"]}}],"collection":[{"href":"https:\/\/www.kalmarinkyla.net\/index.php?rest_route=\/wp\/v2\/pages"}],"about":[{"href":"https:\/\/www.kalmarinkyla.net\/index.php?rest_route=\/wp\/v2\/types\/page"}],"author":[{"embeddable":true,"href":"https:\/\/www.kalmarinkyla.net\/index.php?rest_route=\/wp\/v2\/users\/1"}],"replies":[{"embeddable":true,"href":"https:\/\/www.kalmarinkyla.net\/index.php?rest_route=%2Fwp%2Fv2%2Fcomments&post=29"}],"version-history":[{"count":14,"href":"https:\/\/www.kalmarinkyla.net\/index.php?rest_route=\/wp\/v2\/pages\/29\/revisions"}],"predecessor-version":[{"id":1173,"href":"https:\/\/www.kalmarinkyla.net\/index.php?rest_route=\/wp\/v2\/pages\/29\/revisions\/1173"}],"up":[{"embeddable":true,"href":"https:\/\/www.kalmarinkyla.net\/index.php?rest_route=\/wp\/v2\/pages\/565"}],"wp:featuredmedia":[{"embeddable":true,"href":"https:\/\/www.kalmarinkyla.net\/index.php?rest_route=\/wp\/v2\/media\/32"}],"wp:attachment":[{"href":"https:\/\/www.kalmarinkyla.net\/index.php?rest_route=%2Fwp%2Fv2%2Fmedia&parent=29"}],"curies":[{"name":"wp","href":"https:\/\/api.w.org\/{rel}","templated":true}]}}

Kylä- ja urheiluseura Kalmarin Nahjus

<div id="fb-root"></div>
<p><a href="https://i0.wp.com/www.kalmarinkyla.net/wp/wp-content/uploads/2017/03/nahjus.jpg"><img data-recalc-dims="1" loading="lazy" decoding="async" data-attachment-id="70" data-permalink="https://www.kalmarinkyla.net/?attachment_id=70" data-orig-file="https://i0.wp.com/www.kalmarinkyla.net/wp/wp-content/uploads/2017/03/nahjus.jpg?fit=500%2C334&amp;ssl=1" data-orig-size="500,334" data-comments-opened="1" data-image-meta="{&quot;aperture&quot;:&quot;0&quot;,&quot;credit&quot;:&quot;&quot;,&quot;camera&quot;:&quot;&quot;,&quot;caption&quot;:&quot;&quot;,&quot;created_timestamp&quot;:&quot;1405947673&quot;,&quot;copyright&quot;:&quot;&quot;,&quot;focal_length&quot;:&quot;0&quot;,&quot;iso&quot;:&quot;0&quot;,&quot;shutter_speed&quot;:&quot;0&quot;,&quot;title&quot;:&quot;&quot;,&quot;orientation&quot;:&quot;0&quot;}" data-image-title="nahjus" data-image-description="" data-image-caption="" data-large-file="https://i0.wp.com/www.kalmarinkyla.net/wp/wp-content/uploads/2017/03/nahjus.jpg?fit=500%2C334&amp;ssl=1" class="alignleft size-medium wp-image-70" src="https://i0.wp.com/www.kalmarinkyla.net/wp/wp-content/uploads/2017/03/nahjus-300x200.jpg?resize=300%2C200" alt="" width="300" height="200" srcset="https://i0.wp.com/www.kalmarinkyla.net/wp/wp-content/uploads/2017/03/nahjus.jpg?resize=300%2C200&amp;ssl=1 300w, https://i0.wp.com/www.kalmarinkyla.net/wp/wp-content/uploads/2017/03/nahjus.jpg?w=500&amp;ssl=1 500w" sizes="auto, (max-width: 300px) 100vw, 300px" /></a>Voimistelu- ja urheiluseura Kalmarin Nahjus on perustettu v. 1907, Kalmarin Nahjusten Voimistelu ja Urheiluseura -nimisenä järjestönä kehittämään kylän nuorisoa järjestämällä voimistelu- ja urheiluharjoituksia sekä kilpailuja. Aluksi voimisteluharjoituksia pidettiin Kallion ja Kalmarin tuvissa. Vuonna 1914 ryhdyttiin hankkimaan seuralle toimitaloa ostamalla tontti Eerik Kalmarilta Taulumäen teiden risteyksestä. Tontille siirrettiin Eerik Kalmarilta ostettu vanha tuparakennus.<br />
Kun 1950-luvulla haluttiin laajentaa rakennusta eikä se ollut mahdollista maantien läheisyyden vuoksi, päätettiin seurassa rakentaa uusi toimitalo vanhan talon läheisyyteen. Talon valmistivat lopullisesti Ilmari ja Pentti Mäkinen sekä Sirosen veljekset urakkatyönä. Rakennus on osa vanhan maantien varteen syntynyttä nauhamaista kyläkeskusta. Kylätalo on remontoitu kokonaan vuosina 2008-2009.</p>
<p>Lähde: Suomen rakennuskulttuurin yleisluettelo.</p>
<p>Tutustu tarkemmin <a href="http://www.kalmarinkyla.net/?page_id=390">Nahjuksen kylätaloon</a></p>
<p>Toimintakertomukset menneiltä vuosilta löydät <a href="http://www.kalmarinkyla.net/?page_id=1338" target="_blank" rel="noopener">täältä</a>.</p>
<p>&nbsp;</p>
<p>&nbsp;</p>
<p>&nbsp;</p>
<p><span style="border-radius: 2px; text-indent: 20px; width: auto; padding: 0px 4px 0px 0px; text-align: center; font: bold 11px/20px 'Helvetica Neue',Helvetica,sans-serif; color: #ffffff; background: #bd081c no-repeat scroll 3px 50% / 14px 14px; position: absolute; opacity: 1; z-index: 8675309; display: none; cursor: pointer;">Tallenna</span></p>
<p><span style="border-radius: 2px; text-indent: 20px; width: auto; padding: 0px 4px 0px 0px; text-align: center; font: bold 11px/20px 'Helvetica Neue',Helvetica,sans-serif; color: #ffffff; background: #bd081c no-repeat scroll 3px 50% / 14px 14px; position: absolute; opacity: 1; z-index: 8675309; display: none; cursor: pointer;">Tallenna</span></p>
<p><span style="border-radius: 2px; text-indent: 20px; width: auto; padding: 0px 4px 0px 0px; text-align: center; font: bold 11px/20px 'Helvetica Neue',Helvetica,sans-serif; color: #ffffff; background: #bd081c no-repeat scroll 3px 50% / 14px 14px; position: absolute; opacity: 1; z-index: 8675309; display: none; cursor: pointer;">Tallenna</span></p>
<p><span style="border-radius: 2px; text-indent: 20px; width: auto; padding: 0px 4px 0px 0px; text-align: center; font: bold 11px/20px 'Helvetica Neue',Helvetica,sans-serif; color: #ffffff; background: #bd081c no-repeat scroll 3px 50% / 14px 14px; position: absolute; opacity: 1; z-index: 8675309; display: none; cursor: pointer;">Tallenna</span></p>
<p><span style="border-radius: 2px; text-indent: 20px; width: auto; padding: 0px 4px 0px 0px; text-align: center; font: bold 11px/20px 'Helvetica Neue',Helvetica,sans-serif; color: #ffffff; background: #bd081c no-repeat scroll 3px 50% / 14px 14px; position: absolute; opacity: 1; z-index: 8675309; display: none; cursor: pointer;">Tallenna</span></p>
<p><span style="border-radius: 2px; text-indent: 20px; width: auto; padding: 0px 4px 0px 0px; text-align: center; font: bold 11px/20px 'Helvetica Neue',Helvetica,sans-serif; color: #ffffff; background: #bd081c no-repeat scroll 3px 50% / 14px 14px; position: absolute; opacity: 1; z-index: 8675309; display: none; cursor: pointer;">Tallenna</span></p>
<p><span style="border-radius: 2px; text-indent: 20px; width: auto; padding: 0px 4px 0px 0px; text-align: center; font: bold 11px/20px 'Helvetica Neue',Helvetica,sans-serif; color: #ffffff; background: #bd081c no-repeat scroll 3px 50% / 14px 14px; position: absolute; opacity: 1; z-index: 8675309; display: none; cursor: pointer;">Tallenna</span></p>

<p>Voimistelu- ja urheiluseura Kalmarin Nahjus on perustettu v. 1907, Kalmarin Nahjusten Voimistelu ja Urheiluseura -nimisenä järjestönä kehittämään kylän nuorisoa järjestämällä voimistelu- ja urheiluharjoituksia sekä kilpailuja. Aluksi voimisteluharjoituksia pidettiin Kallion ja Kalmarin tuvissa. Vuonna 1914 ryhdyttiin hankkimaan seuralle toimitaloa ostamalla tontti&hellip; </p>
